{"id":3,"date":"2023-03-26T19:43:20","date_gmt":"2023-03-26T19:43:20","guid":{"rendered":"https:\/\/borgesleandro.com.br\/?page_id=3"},"modified":"2023-10-20T03:00:12","modified_gmt":"2023-10-20T03:00:12","slug":"politica-de-privacidade","status":"publish","type":"page","link":"https:\/\/borgesleandro.com.br\/index.php\/politica-de-privacidade\/","title":{"rendered":"Pol\u00edtica de privacidade"},"content":{"rendered":"\t\t<div data-elementor-type=\"wp-page\" data-elementor-id=\"3\" class=\"elementor elementor-3\">\n\t\t\t\t\t\t<section class=\"elementor-section elementor-top-section elementor-element elementor-element-147dde6e elementor-section-boxed elementor-section-height-default elementor-section-height-default\" data-id=\"147dde6e\" data-element_type=\"section\">\n\t\t\t\t\t\t<div class=\"elementor-container elementor-column-gap-default\">\n\t\t\t\t\t<div class=\"elementor-column elementor-col-100 elementor-top-column elementor-element elementor-element-37d2f809\" data-id=\"37d2f809\" data-element_type=\"column\">\n\t\t\t<div class=\"elementor-widget-wrap elementor-element-populated\">\n\t\t\t\t\t\t<div class=\"elementor-element elementor-element-670073fc elementor-widget elementor-widget-text-editor\" data-id=\"670073fc\" data-element_type=\"widget\" data-widget_type=\"text-editor.default\">\n\t\t\t\t<div class=\"elementor-widget-container\">\n\t\t\t\t\t\t\t\t\t<p><\/p>\n<h1 class=\"wp-block-heading\" style=\"box-sizing: inherit; margin: 0px 0px 20px; font-family: Montserrat; font-weight: bold; line-height: 1.3; color: #3f3f46; font-size: 3.6rem; padding: 0px; border: 0px; outline: 0px; vertical-align: baseline; letter-spacing: 0.16px;\">Pol\u00edtica de privacidade e Uso de Cookies<\/h1>\n<p><strong style=\"color: inherit; font-family: inherit; font-size: 1.75rem;\">\u00daLTIMA ATUALIZA\u00c7\u00c3O: 20 DE OUTUBRO DE 2023<\/strong><\/p>\n<p>Essa \u00e9 nossa Pol\u00edtica de Privacidade para respeitar sua privacidade em rela\u00e7\u00e3o a qualquer informa\u00e7\u00e3o sua que possamos coletar ou ter acesso em nosso website. Por favor,&nbsp; Ao utilizar nossos servi\u00e7os, navegar pelo site, consumir nossos conte\u00fados e disponibilizar seus dados em nossos formul\u00e1rios de solicita\u00e7\u00e3o de contato e de download de materiais informativos, voc\u00ea concorda e aceita os termos e cl\u00e1usulas contidas nesta Pol\u00edtica. Caso discorde de qualquer previs\u00e3o estabelecida neste documento, voc\u00ea n\u00e3o dever\u00e1 seguir em nosso site.<br style=\"box-sizing: inherit;\">Dessa forma, a Borges Estrategista Digital, doravante denominada simplesmente como \u201cBorges\u201d ou \u201cEMPRESA\u201d, inscrita no CNPJ sob o n\u00ba 48.839.430\/0001-28, no papel de Controladora de Dados, obriga-se ao disposto na presente Pol\u00edtica de Privacidade.<\/p>\n<p style=\"box-sizing: inherit; margin-right: 0px; margin-bottom: 24px; margin-left: 0px; padding: 0px; border: 0px; outline: 0px; vertical-align: baseline; word-break: break-word; color: #222222; font-family: Poppins; letter-spacing: 0.16px;\">Esta Pol\u00edtica de Privacidade tem como objetivo reafirmar o nosso compromisso com a seguran\u00e7a e a privacidade das informa\u00e7\u00f5es coletadas dentro de nossas p\u00e1ginas.<\/p>\n<h2 style=\"box-sizing: inherit; margin: 0px 0px 20px; padding: 0px; border: 0px; font-size: 3.24rem; font-weight: bold; outline: 0px; vertical-align: baseline; color: #3f3f46; line-height: 1.3; font-family: Montserrat; letter-spacing: 0.16px;\">Sobre esta Pol\u00edtica de Privacidade<\/h2>\n<p style=\"box-sizing: inherit; margin-right: 0px; margin-bottom: 24px; margin-left: 0px; padding: 0px; border: 0px; outline: 0px; vertical-align: baseline; word-break: break-word; color: #222222; font-family: Poppins; letter-spacing: 0.16px;\">Esta Pol\u00edtica de Privacidade est\u00e1 permanentemente dispon\u00edvel para acesso e leitura em nosso site.<br style=\"box-sizing: inherit;\">Este pode ser alterado sem pr\u00e9vio aviso. Por este motivo \u00e9 importante que voc\u00ea, periodicamente, visite a p\u00e1gina atual para rel\u00ea-lo.<br style=\"box-sizing: inherit;\">A data da \u00faltima vers\u00e3o deste documento \u00e9 sempre apresentada ao final da p\u00e1gina. Isso informa se o documento foi alterado ap\u00f3s a sua \u00faltima visita.<\/p>\n<h2 style=\"box-sizing: inherit; margin: 0px 0px 20px; padding: 0px; border: 0px; font-size: 3.24rem; font-weight: bold; outline: 0px; vertical-align: baseline; color: #3f3f46; line-height: 1.3; font-family: Montserrat; letter-spacing: 0.16px;\">Aceite da Pol\u00edtica de Privacidade<\/h2>\n<p style=\"box-sizing: inherit; margin-right: 0px; margin-bottom: 24px; margin-left: 0px; padding: 0px; border: 0px; outline: 0px; vertical-align: baseline; word-break: break-word; color: #222222; font-family: Poppins; letter-spacing: 0.16px;\">Voc\u00ea declara ter lido, entendido as regras, condi\u00e7\u00f5es e obriga\u00e7\u00f5es estabelecidas nesta Pol\u00edtica de Privacidade. Manifesta, tamb\u00e9m, seu consentimento livre, expresso e informado relativo a todo o disposto na Pol\u00edtica de Privacidade.<br style=\"box-sizing: inherit;\">Ao acessar nosso site, os usu\u00e1rios dever\u00e3o manifestar ci\u00eancia e concord\u00e2ncia quanto aos termos deste documento.<\/p>\n<h2 style=\"box-sizing: inherit; margin: 0px 0px 20px; padding: 0px; border: 0px; font-size: 3.24rem; font-weight: bold; outline: 0px; vertical-align: baseline; color: #3f3f46; line-height: 1.3; font-family: Montserrat; letter-spacing: 0.16px;\">Coleta e armazenamento de dados<\/h2>\n<p style=\"box-sizing: inherit; margin-right: 0px; margin-bottom: 24px; margin-left: 0px; padding: 0px; border: 0px; outline: 0px; vertical-align: baseline; word-break: break-word; color: #222222; font-family: Poppins; letter-spacing: 0.16px;\">N\u00f3s coletamos os dados que voc\u00ea nos envia quando \u00e9 nosso cliente e tamb\u00e9m coletamos dados que voc\u00ea nos envia ou permitiu que n\u00f3s colet\u00e1ssemos em algum momento, principalmente em formul\u00e1rios de contato e oferecimento de material educativo em nossas p\u00e1ginas.<\/p>\n<p style=\"box-sizing: inherit; margin-right: 0px; margin-bottom: 24px; margin-left: 0px; padding: 0px; border: 0px; outline: 0px; vertical-align: baseline; word-break: break-word; color: #222222; font-family: Poppins; letter-spacing: 0.16px;\">Os terceiros coletam alguns dados seus, como o Google Analytics coleta os seus dados de localiza\u00e7\u00e3o (IP) a fim de analisar a origem de visitas em um determinado site.<\/p>\n<p style=\"box-sizing: inherit; margin-right: 0px; margin-bottom: 24px; margin-left: 0px; padding: 0px; border: 0px; outline: 0px; vertical-align: baseline; word-break: break-word; color: #222222; font-family: Poppins; letter-spacing: 0.16px;\">A aceita\u00e7\u00e3o desta Pol\u00edtica de Privacidade significa, necessariamente, que voc\u00ea est\u00e1 ciente e que aceita a coleta de dados pessoais, manifestando seu consentimento e interesse leg\u00edtimo em mecanismo oferecido para esse objetivo.<br style=\"box-sizing: inherit;\">Utilizamos cookies para confirmar a sua identidade, personalizar o seu acesso e acompanhar a sua navega\u00e7\u00e3o.<\/p>\n<p style=\"box-sizing: inherit; margin-right: 0px; margin-bottom: 24px; margin-left: 0px; padding: 0px; border: 0px; outline: 0px; vertical-align: baseline; word-break: break-word; color: #222222; font-family: Poppins; letter-spacing: 0.16px;\">Al\u00e9m disso, quando for necess\u00e1ria a coleta de outras informa\u00e7\u00f5es, especialmente relacionadas \u00e0 interface humana (geolocaliza\u00e7\u00e3o e dispositivos de \u00e1udio ou v\u00eddeo), voc\u00ea ser\u00e1 comunicado para apresentar consentimento expresso.<br style=\"box-sizing: inherit;\">Quando armazenamos dados, protegemos dentro de meios comercialmente aceit\u00e1veis para evitar perdas e roubos, bem como acesso, divulga\u00e7\u00e3o, c\u00f3pia, uso ou modifica\u00e7\u00e3o n\u00e3o autorizado.<\/p>\n<h2 style=\"box-sizing: inherit; margin: 0px 0px 20px; padding: 0px; border: 0px; font-size: 3.24rem; font-weight: bold; outline: 0px; vertical-align: baseline; color: #3f3f46; line-height: 1.3; font-family: Montserrat; letter-spacing: 0.16px;\">Pol\u00edtica de cookies<\/h2>\n<p style=\"box-sizing: inherit; margin-right: 0px; margin-bottom: 24px; margin-left: 0px; padding: 0px; border: 0px; outline: 0px; vertical-align: baseline; word-break: break-word; color: #222222; font-family: Poppins; letter-spacing: 0.16px;\">Nossas p\u00e1ginas usam cookies, que s\u00e3o pequenos arquivos baixados no seu computador, para melhorar sua experi\u00eancia.<br style=\"box-sizing: inherit;\">Utilizamos apenas cookies essenciais, exclusivamente para otimizar a utiliza\u00e7\u00e3o pelo usu\u00e1rio.<\/p>\n<p>Usamos os cookies a seguir: pixel do Facebook\/Instagram, LinkedIn, Pinterest, Google\/Youtube e TikTok neste site. Manter essa configura\u00e7\u00e3o far\u00e1 com que possamos veicular an\u00fancios customizados de acordo com sua prefer\u00eancia.<\/p>\n<p><\/p>\n<h2 style=\"box-sizing: inherit; margin: 0px 0px 20px; padding: 0px; border: 0px; font-size: 3.24rem; font-weight: bold; outline: 0px; vertical-align: baseline; color: #3f3f46; line-height: 1.3; font-family: Montserrat; letter-spacing: 0.16px;\">Tratamento de dados e finalidade<\/h2>\n<p style=\"box-sizing: inherit; margin-right: 0px; margin-bottom: 24px; margin-left: 0px; padding: 0px; border: 0px; outline: 0px; vertical-align: baseline; word-break: break-word; color: #222222; font-family: Poppins; letter-spacing: 0.16px;\">Utilizamos os seus dados para a presta\u00e7\u00e3o dos nossos servi\u00e7os, se tratando de um cliente.<br style=\"box-sizing: inherit;\">Em rela\u00e7\u00e3o a n\u00e3o clientes, os dados que n\u00f3s temos s\u00e3o aqueles que voc\u00ea mesmo nos forneceu, como seu email, ou algum dado que o terceiro possui, utilizados para os fins de divulga\u00e7\u00e3o do nosso trabalho ou para envio de email com informa\u00e7\u00f5es que n\u00f3s consideramos que s\u00e3o importantes para voc\u00ea.<\/p>\n<p style=\"box-sizing: inherit; margin-right: 0px; margin-bottom: 24px; margin-left: 0px; padding: 0px; border: 0px; outline: 0px; vertical-align: baseline; word-break: break-word; color: #222222; font-family: Poppins; letter-spacing: 0.16px;\">A Borges realiza todos os esfor\u00e7os necess\u00e1rios para garantir a seguran\u00e7a e a confidencialidade dos dados, tornando-os dispon\u00edveis apenas em circunst\u00e2ncias que satisfa\u00e7am as leg\u00edtimas expectativas destes e naquelas explicitamente previstas nos termos e condi\u00e7\u00f5es de uso e na pol\u00edtica de privacidade. Portanto, os dados coletados, ser\u00e3o utilizados com o objetivo de viabilizar a presta\u00e7\u00e3o dos servi\u00e7os disponibilizados, bem como para seu desenvolvimento e para a melhoria da sua experi\u00eancia na navega\u00e7\u00e3o do site.<\/p>\n<p style=\"box-sizing: inherit; margin-right: 0px; margin-bottom: 24px; margin-left: 0px; padding: 0px; border: 0px; outline: 0px; vertical-align: baseline; word-break: break-word; color: #222222; font-family: Poppins; letter-spacing: 0.16px;\">Os dados coletados poder\u00e3o ser armazenados em servidores de terceiros, localizados no Brasil ou no exterior, contratados pela Borges, bem como em servidores privados pr\u00f3prios. A menos que tenhamos determina\u00e7\u00e3o legal ou judicial, as informa\u00e7\u00f5es dos usu\u00e1rios jamais ser\u00e3o fornecidas a terceiros ou usadas para finalidades diferentes daquelas para as quais foram coletadas.<\/p>\n<p style=\"box-sizing: inherit; margin-right: 0px; margin-bottom: 24px; margin-left: 0px; padding: 0px; border: 0px; outline: 0px; vertical-align: baseline; word-break: break-word; color: #222222; font-family: Poppins; letter-spacing: 0.16px;\">\u00c9 importante destacar que nenhuma das suas informa\u00e7\u00f5es s\u00e3o transferidas a terceiros, a menos que o usu\u00e1rio seja informado dessa possibilidade e d\u00ea seu consentimento para tal ato.<\/p>\n<h2 style=\"box-sizing: inherit; margin: 0px 0px 20px; padding: 0px; border: 0px; font-size: 3.24rem; font-weight: bold; outline: 0px; vertical-align: baseline; color: #3f3f46; line-height: 1.3; font-family: Montserrat; letter-spacing: 0.16px;\">Prazo e exclus\u00e3o de dados<\/h2>\n<p style=\"box-sizing: inherit; margin-right: 0px; margin-bottom: 24px; margin-left: 0px; padding: 0px; border: 0px; outline: 0px; vertical-align: baseline; word-break: break-word; color: #222222; font-family: Poppins; letter-spacing: 0.16px;\">Permanecemos com os seus dados pelo prazo que n\u00f3s consideramos mais seguro para o cumprimento da lei, at\u00e9 que voc\u00ea solicite a exclus\u00e3o ou at\u00e9 que se cumpra a finalidade de uso dos dados conforme descrito nesta declara\u00e7\u00e3o, prevalecendo o que determinar a legisla\u00e7\u00e3o.<\/p>\n<h2 style=\"box-sizing: inherit; margin: 0px 0px 20px; padding: 0px; border: 0px; font-size: 3.24rem; font-weight: bold; outline: 0px; vertical-align: baseline; color: #3f3f46; line-height: 1.3; font-family: Montserrat; letter-spacing: 0.16px;\">Comunica\u00e7\u00e3o conosco<\/h2>\n<p style=\"box-sizing: inherit; margin-right: 0px; margin-bottom: 24px; margin-left: 0px; padding: 0px; border: 0px; outline: 0px; vertical-align: baseline; word-break: break-word; color: #222222; font-family: Poppins; letter-spacing: 0.16px;\">Toda comunica\u00e7\u00e3o direta com a Borges dever\u00e1 ser realizada via e-mail, utilizando-se o endere\u00e7o contato@borgesleandro.com.br. \u00c9 o endere\u00e7o destacado para voc\u00ea tirar d\u00favidas em rela\u00e7\u00e3o \u00e0 esta Pol\u00edtica de Privacidade, solicitar exclus\u00e3o de dados ou iniciar qualquer outro di\u00e1logo que tenha seus dados e este documento como temas.<\/p>\n<h2 style=\"box-sizing: inherit; margin: 0px 0px 20px; padding: 0px; border: 0px; font-size: 3.24rem; font-weight: bold; outline: 0px; vertical-align: baseline; color: #3f3f46; line-height: 1.3; font-family: Montserrat; letter-spacing: 0.16px;\">Legisla\u00e7\u00e3o aplic\u00e1vel<\/h2>\n<p style=\"box-sizing: inherit; margin-right: 0px; margin-bottom: 24px; margin-left: 0px; padding: 0px; border: 0px; outline: 0px; vertical-align: baseline; word-break: break-word; color: #222222; font-family: Poppins; letter-spacing: 0.16px;\">Todas as regras, condi\u00e7\u00f5es, obriga\u00e7\u00f5es, bem como todas as outras previs\u00f5es contidas nesta Pol\u00edtica de Privacidade, ser\u00e3o regidas pela legisla\u00e7\u00e3o vigente na Rep\u00fablica Federativa do Brasil.<\/p>\n<h2 style=\"box-sizing: inherit; margin: 0px 0px 20px; padding: 0px; border: 0px; font-size: 3.24rem; font-weight: bold; outline: 0px; vertical-align: baseline; color: #3f3f46; line-height: 1.3; font-family: Montserrat; letter-spacing: 0.16px;\">Foro<\/h2>\n<p style=\"box-sizing: inherit; margin-right: 0px; margin-bottom: 24px; margin-left: 0px; padding: 0px; border: 0px; outline: 0px; vertical-align: baseline; word-break: break-word; color: #222222; font-family: Poppins; letter-spacing: 0.16px;\">Voc\u00ea tem ci\u00eancia e concorda com a elei\u00e7\u00e3o do foro da comarca de Uberl\u00e2ndia &#8211; MG, para que tenha jurisdi\u00e7\u00e3o sobre qualquer lit\u00edgio que eventualmente possa ocorrer relativo \u00e0 Pol\u00edtica de Privacidade da aplica\u00e7\u00e3o e conjunto de funcionalidades, excetuando as reclama\u00e7\u00f5es realizadas por usu\u00e1rios que se enquadrem no conceito legal de consumidores, que poder\u00e3o submet\u00ea-las ao foro de seu domic\u00edlio.<\/p>\n<p><\/p>\t\t\t\t\t\t\t\t<\/div>\n\t\t\t\t<\/div>\n\t\t\t\t\t<\/div>\n\t\t<\/div>\n\t\t\t\t\t<\/div>\n\t\t<\/section>\n\t\t\t\t<\/div>\n\t\t","protected":false},"excerpt":{"rendered":"<p>Pol\u00edtica de privacidade e Uso de Cookies \u00daLTIMA ATUALIZA\u00c7\u00c3O: 20 DE OUTUBRO DE 2023 Essa \u00e9 nossa Pol\u00edtica de Privacidade para respeitar sua privacidade em rela\u00e7\u00e3o a qualquer informa\u00e7\u00e3o sua que possamos coletar ou ter acesso em nosso website. Por favor,&nbsp; Ao utilizar nossos servi\u00e7os, navegar pelo site, consumir nossos conte\u00fados e disponibilizar seus dados [&hellip;]<\/p>\n","protected":false},"author":1,"featured_media":0,"parent":0,"menu_order":0,"comment_status":"closed","ping_status":"open","template":"","meta":{"footnotes":""},"class_list":["post-3","page","type-page","status-publish","hentry"],"_links":{"self":[{"href":"https:\/\/borgesleandro.com.br\/index.php\/wp-json\/wp\/v2\/pages\/3","targetHints":{"allow":["GET"]}}],"collection":[{"href":"https:\/\/borgesleandro.com.br\/index.php\/wp-json\/wp\/v2\/pages"}],"about":[{"href":"https:\/\/borgesleandro.com.br\/index.php\/wp-json\/wp\/v2\/types\/page"}],"author":[{"embeddable":true,"href":"https:\/\/borgesleandro.com.br\/index.php\/wp-json\/wp\/v2\/users\/1"}],"replies":[{"embeddable":true,"href":"https:\/\/borgesleandro.com.br\/index.php\/wp-json\/wp\/v2\/comments?post=3"}],"version-history":[{"count":26,"href":"https:\/\/borgesleandro.com.br\/index.php\/wp-json\/wp\/v2\/pages\/3\/revisions"}],"predecessor-version":[{"id":593,"href":"https:\/\/borgesleandro.com.br\/index.php\/wp-json\/wp\/v2\/pages\/3\/revisions\/593"}],"wp:attachment":[{"href":"https:\/\/borgesleandro.com.br\/index.php\/wp-json\/wp\/v2\/media?parent=3"}],"curies":[{"name":"wp","href":"https:\/\/api.w.org\/{rel}","templated":true}]}}